{"id":22,"date":"2023-06-13T16:16:18","date_gmt":"2023-06-13T16:16:18","guid":{"rendered":"https:\/\/cobatabjoven.org\/nmccems\/?page_id=22"},"modified":"2023-07-10T02:19:47","modified_gmt":"2023-07-10T02:19:47","slug":"documentos-base","status":"publish","type":"page","link":"https:\/\/cobatabjoven.org\/nmccems\/index.php\/documentos-base\/","title":{"rendered":"Documentos base"},"content":{"rendered":"\n<p>Est\u00e1n integrados por los antecedentes, fundamentaci\u00f3n y otros documentos generados por la Direcci\u00f3n General de Bachillerato de la Secretar\u00eda de Educaci\u00f3n P\u00fablica.<\/p>\n\n\n\n<div class=\"wp-block-columns is-layout-flex wp-container-4\">\n<div class=\"wp-block-column is-layout-flow\">\n<figure class=\"wp-block-image size-full is-resized\"><a href=\"https:\/\/dgb.sep.gob.mx\/wp-content\/uploads\/2023\/05\/Documento-base-MCCEMS.pdf\"><img decoding=\"async\" loading=\"lazy\" src=\"https:\/\/cobatabjoven.org\/nmccems\/wp-content\/uploads\/2023\/06\/Captura-de-pantalla-2023-06-30-094023.png\" alt=\"\" class=\"wp-image-250\" width=\"309\" height=\"393\"\/><\/a><\/figure>\n<\/div>\n\n\n\n<div class=\"wp-block-column is-layout-flow\">\n<figure class=\"wp-block-image size-full is-resized\"><a href=\"https:\/\/dgb.sep.gob.mx\/wp-content\/uploads\/2023\/05\/FundamentosDelMCCEMS.pdf\"><img decoding=\"async\" loading=\"lazy\" src=\"https:\/\/cobatabjoven.org\/nmccems\/wp-content\/uploads\/2023\/06\/Captura-de-pantalla-2023-06-30-094004.png\" alt=\"\" class=\"wp-image-252\" width=\"309\" height=\"393\"\/><\/a><\/figure>\n<\/div>\n\n\n\n<div class=\"wp-block-column is-layout-flow\">\n<figure class=\"wp-block-image size-full is-resized\"><a href=\"https:\/\/cobatabjoven.org\/nmccems\/wp-content\/uploads\/2023\/06\/LineasDePoliticaPublica_EMS.pdf\"><img decoding=\"async\" loading=\"lazy\" src=\"https:\/\/cobatabjoven.org\/nmccems\/wp-content\/uploads\/2023\/06\/Captura-de-pantalla-2023-06-30-094043.png\" alt=\"\" class=\"wp-image-253\" width=\"309\" height=\"393\"\/><\/a><\/figure>\n<\/div>\n<\/div>\n\n\n\n<div class=\"wp-block-columns is-layout-flex wp-container-8\">\n<div class=\"wp-block-column is-layout-flow\">\n<figure class=\"wp-block-image size-full is-resized\"><a href=\"https:\/\/dgb.sep.gob.mx\/wp-content\/uploads\/2023\/05\/NEMprincipiosyorientacionpedagogica.pdf\"><img decoding=\"async\" loading=\"lazy\" src=\"https:\/\/cobatabjoven.org\/nmccems\/wp-content\/uploads\/2023\/06\/Captura-de-pantalla-2023-06-30-094524.png\" alt=\"\" class=\"wp-image-256\" width=\"309\" height=\"393\"\/><\/a><\/figure>\n<\/div>\n\n\n\n<div class=\"wp-block-column is-layout-flow\">\n<figure class=\"wp-block-image size-full is-resized\"><a href=\"https:\/\/cobatabjoven.org\/nmccems\/wp-content\/uploads\/2023\/06\/Plan-SEP-0-23-anos.pdf\"><img decoding=\"async\" loading=\"lazy\" src=\"https:\/\/cobatabjoven.org\/nmccems\/wp-content\/uploads\/2023\/06\/Captura-de-pantalla-2023-06-30-094537.png\" alt=\"\" class=\"wp-image-257\" width=\"309\" height=\"393\"\/><\/a><\/figure>\n<\/div>\n\n\n\n<div class=\"wp-block-column is-layout-flow\">\n<figure class=\"wp-block-image size-full is-resized\"><a href=\"https:\/\/cobatabjoven.org\/nmccems\/wp-content\/uploads\/2023\/06\/ACUERDO-numero-17-08-22.pdf\"><img decoding=\"async\" loading=\"lazy\" src=\"https:\/\/cobatabjoven.org\/nmccems\/wp-content\/uploads\/2023\/06\/Captura-de-pantalla-2023-06-30-094552.png\" alt=\"\" class=\"wp-image-258\" width=\"309\" height=\"393\" srcset=\"https:\/\/cobatabjoven.org\/nmccems\/wp-content\/uploads\/2023\/06\/Captura-de-pantalla-2023-06-30-094552-46x60.png 46w, https:\/\/cobatabjoven.org\/nmccems\/wp-content\/uploads\/2023\/06\/Captura-de-pantalla-2023-06-30-094552-417x530.png 417w\" sizes=\"(max-width: 309px) 100vw, 309px\" \/><\/a><\/figure>\n<\/div>\n<\/div>\n\n\n\n<div class=\"wp-block-columns is-layout-flex wp-container-12\">\n<div class=\"wp-block-column is-layout-flow\">\n<figure class=\"wp-block-image size-full is-resized\"><a href=\"https:\/\/cobatabjoven.org\/nmccems\/wp-content\/uploads\/2023\/06\/20122022-Documento-Metodologico-PA-MCCEMS.pdf\"><img decoding=\"async\" loading=\"lazy\" src=\"https:\/\/cobatabjoven.org\/nmccems\/wp-content\/uploads\/2023\/06\/Captura-de-pantalla-2023-06-30-094740.png\" alt=\"\" class=\"wp-image-261\" width=\"309\" height=\"393\"\/><\/a><\/figure>\n<\/div>\n\n\n\n<div class=\"wp-block-column is-layout-flow\">\n<figure class=\"wp-block-image size-full is-resized\"><a href=\"https:\/\/cobatabjoven.org\/nmccems\/wp-content\/uploads\/2023\/06\/Orientaciones-pedagogicas-para-la-elaboracion-de-progresiones-de-aprendizaje.pdf\"><img decoding=\"async\" loading=\"lazy\" src=\"https:\/\/cobatabjoven.org\/nmccems\/wp-content\/uploads\/2023\/06\/Captura-de-pantalla-2023-06-30-094812.png\" alt=\"\" class=\"wp-image-262\" width=\"309\" height=\"393\"\/><\/a><\/figure>\n<\/div>\n\n\n\n<div class=\"wp-block-column is-layout-flow\"><\/div>\n<\/div>\n\n\n\n<div class=\"wp-block-columns is-layout-flex wp-container-16\">\n<div class=\"wp-block-column is-layout-flow\"><\/div>\n\n\n\n<div class=\"wp-block-column is-layout-flow\"><\/div>\n\n\n\n<div class=\"wp-block-column is-layout-flow\"><\/div>\n<\/div>\n<div class=\"pvc_clear\"><\/div><p id=\"pvc_stats_22\" class=\"pvc_stats all  \" data-element-id=\"22\" style=\"\"><i class=\"pvc-stats-icon medium\" aria-hidden=\"true\"><svg aria-hidden=\"true\" focusable=\"false\" data-prefix=\"far\" data-icon=\"chart-bar\" role=\"img\" xmlns=\"http:\/\/www.w3.org\/2000\/svg\" viewBox=\"0 0 512 512\" class=\"svg-inline--fa fa-chart-bar fa-w-16 fa-2x\"><path fill=\"currentColor\" d=\"M396.8 352h22.4c6.4 0 12.8-6.4 12.8-12.8V108.8c0-6.4-6.4-12.8-12.8-12.8h-22.4c-6.4 0-12.8 6.4-12.8 12.8v230.4c0 6.4 6.4 12.8 12.8 12.8zm-192 0h22.4c6.4 0 12.8-6.4 12.8-12.8V140.8c0-6.4-6.4-12.8-12.8-12.8h-22.4c-6.4 0-12.8 6.4-12.8 12.8v198.4c0 6.4 6.4 12.8 12.8 12.8zm96 0h22.4c6.4 0 12.8-6.4 12.8-12.8V204.8c0-6.4-6.4-12.8-12.8-12.8h-22.4c-6.4 0-12.8 6.4-12.8 12.8v134.4c0 6.4 6.4 12.8 12.8 12.8zM496 400H48V80c0-8.84-7.16-16-16-16H16C7.16 64 0 71.16 0 80v336c0 17.67 14.33 32 32 32h464c8.84 0 16-7.16 16-16v-16c0-8.84-7.16-16-16-16zm-387.2-48h22.4c6.4 0 12.8-6.4 12.8-12.8v-70.4c0-6.4-6.4-12.8-12.8-12.8h-22.4c-6.4 0-12.8 6.4-12.8 12.8v70.4c0 6.4 6.4 12.8 12.8 12.8z\" class=\"\"><\/path><\/svg><\/i> <img decoding=\"async\" loading=\"lazy\" width=\"16\" height=\"16\" alt=\"Loading\" src=\"https:\/\/cobatabjoven.org\/nmccems\/wp-content\/plugins\/page-views-count\/ajax-loader-2x.gif\" border=0 \/><\/p><div class=\"pvc_clear\"><\/div>","protected":false},"excerpt":{"rendered":"<p>Est\u00e1n integrados por los antecedentes, fundamentaci\u00f3n y otros documentos generados por la Direcci\u00f3n General de Bachillerato de la Secretar\u00eda de Educaci\u00f3n P\u00fablica.<\/p>\n<div class=\"pvc_clear\"><\/div>\n<p id=\"pvc_stats_22\" class=\"pvc_stats all  \" data-element-id=\"22\" style=\"\"><i class=\"pvc-stats-icon medium\" aria-hidden=\"true\"><svg aria-hidden=\"true\" focusable=\"false\" data-prefix=\"far\" data-icon=\"chart-bar\" role=\"img\" xmlns=\"http:\/\/www.w3.org\/2000\/svg\" viewBox=\"0 0 512 512\" class=\"svg-inline--fa fa-chart-bar fa-w-16 fa-2x\"><path fill=\"currentColor\" d=\"M396.8 352h22.4c6.4 0 12.8-6.4 12.8-12.8V108.8c0-6.4-6.4-12.8-12.8-12.8h-22.4c-6.4 0-12.8 6.4-12.8 12.8v230.4c0 6.4 6.4 12.8 12.8 12.8zm-192 0h22.4c6.4 0 12.8-6.4 12.8-12.8V140.8c0-6.4-6.4-12.8-12.8-12.8h-22.4c-6.4 0-12.8 6.4-12.8 12.8v198.4c0 6.4 6.4 12.8 12.8 12.8zm96 0h22.4c6.4 0 12.8-6.4 12.8-12.8V204.8c0-6.4-6.4-12.8-12.8-12.8h-22.4c-6.4 0-12.8 6.4-12.8 12.8v134.4c0 6.4 6.4 12.8 12.8 12.8zM496 400H48V80c0-8.84-7.16-16-16-16H16C7.16 64 0 71.16 0 80v336c0 17.67 14.33 32 32 32h464c8.84 0 16-7.16 16-16v-16c0-8.84-7.16-16-16-16zm-387.2-48h22.4c6.4 0 12.8-6.4 12.8-12.8v-70.4c0-6.4-6.4-12.8-12.8-12.8h-22.4c-6.4 0-12.8 6.4-12.8 12.8v70.4c0 6.4 6.4 12.8 12.8 12.8z\" class=\"\"><\/path><\/svg><\/i> <img decoding=\"async\" loading=\"lazy\" width=\"16\" height=\"16\" alt=\"Loading\" src=\"https:\/\/cobatabjoven.org\/nmccems\/wp-content\/plugins\/page-views-count\/ajax-loader-2x.gif\" border=0 \/><\/p>\n<div class=\"pvc_clear\"><\/div>\n","protected":false},"author":1,"featured_media":0,"parent":0,"menu_order":0,"comment_status":"closed","ping_status":"closed","template":"","meta":[],"_links":{"self":[{"href":"https:\/\/cobatabjoven.org\/nmccems\/index.php\/wp-json\/wp\/v2\/pages\/22"}],"collection":[{"href":"https:\/\/cobatabjoven.org\/nmccems\/index.php\/wp-json\/wp\/v2\/pages"}],"about":[{"href":"https:\/\/cobatabjoven.org\/nmccems\/index.php\/wp-json\/wp\/v2\/types\/page"}],"author":[{"embeddable":true,"href":"https:\/\/cobatabjoven.org\/nmccems\/index.php\/wp-json\/wp\/v2\/users\/1"}],"replies":[{"embeddable":true,"href":"https:\/\/cobatabjoven.org\/nmccems\/index.php\/wp-json\/wp\/v2\/comments?post=22"}],"version-history":[{"count":32,"href":"https:\/\/cobatabjoven.org\/nmccems\/index.php\/wp-json\/wp\/v2\/pages\/22\/revisions"}],"predecessor-version":[{"id":426,"href":"https:\/\/cobatabjoven.org\/nmccems\/index.php\/wp-json\/wp\/v2\/pages\/22\/revisions\/426"}],"wp:attachment":[{"href":"https:\/\/cobatabjoven.org\/nmccems\/index.php\/wp-json\/wp\/v2\/media?parent=22"}],"curies":[{"name":"wp","href":"https:\/\/api.w.org\/{rel}","templated":true}]}}